{"id":2331,"date":"2025-12-02T08:54:17","date_gmt":"2025-12-02T08:54:17","guid":{"rendered":"https:\/\/smartquimica.tn\/?post_type=product&#038;p=2331"},"modified":"2025-12-02T08:54:17","modified_gmt":"2025-12-02T08:54:17","slug":"carboxy-methyl-cellulose-cmc","status":"publish","type":"product","link":"https:\/\/smartquimica.tn\/?product=carboxy-methyl-cellulose-cmc","title":{"rendered":"CARBOXY M\u00c9THYL CELLULOSE CMC"},"content":{"rendered":"<p>La <strong data-start=\"3\" data-end=\"37\">Carboxy M\u00e9thyl Cellulose (CMC)<\/strong> est un polym\u00e8re d\u00e9riv\u00e9 de la cellulose largement utilis\u00e9 en cosm\u00e9tique pour ses propri\u00e9t\u00e9s \u00e9paississantes, g\u00e9lifiantes et stabilisantes : elle am\u00e9liore la texture des cr\u00e8mes, lotions, gels et shampoings en leur donnant une consistance douce, homog\u00e8ne et non collante, tout en emp\u00eachant la s\u00e9paration des phases. Tr\u00e8s bien tol\u00e9r\u00e9e, non irritante et adapt\u00e9e m\u00eame aux peaux sensibles, la CMC forme un l\u00e9ger film protecteur qui aide \u00e0 maintenir l\u2019hydratation de la peau, apporte douceur, am\u00e9liore la glisse du produit et assure une excellente stabilit\u00e9 aux formulations cosm\u00e9tique.<\/p>\n","protected":false},"excerpt":{"rendered":"<p>La Carboxy M\u00e9thyl Cellulose (CMC) est un polym\u00e8re d\u00e9riv\u00e9 de la cellulose largement utilis\u00e9 en cosm\u00e9tique pour ses propri\u00e9t\u00e9s \u00e9paississantes, g\u00e9lifiantes et stabilisantes : elle am\u00e9liore la texture des cr\u00e8mes, lotions, gels et shampoings en leur donnant une consistance douce, homog\u00e8ne et non collante, tout en emp\u00eachant la s\u00e9paration des phases. Tr\u00e8s bien tol\u00e9r\u00e9e, non [&hellip;]<\/p>\n","protected":false},"featured_media":2283,"comment_status":"open","ping_status":"closed","template":"","meta":[],"product_brand":[],"product_cat":[79],"product_tag":[104,124,103],"class_list":{"0":"post-2331","1":"product","2":"type-product","3":"status-publish","4":"has-post-thumbnail","6":"product_cat-emulsifiants-et-rheologie","7":"product_tag-cosmetique","8":"product_tag-cremes-cosmetiques","9":"product_tag-poudre","11":"first","12":"instock","13":"shipping-taxable","14":"product-type-variable"},"_links":{"self":[{"href":"https:\/\/smartquimica.tn\/index.php?rest_route=\/wp\/v2\/product\/2331","targetHints":{"allow":["GET"]}}],"collection":[{"href":"https:\/\/smartquimica.tn\/index.php?rest_route=\/wp\/v2\/product"}],"about":[{"href":"https:\/\/smartquimica.tn\/index.php?rest_route=\/wp\/v2\/types\/product"}],"replies":[{"embeddable":true,"href":"https:\/\/smartquimica.tn\/index.php?rest_route=%2Fwp%2Fv2%2Fcomments&post=2331"}],"wp:featuredmedia":[{"embeddable":true,"href":"https:\/\/smartquimica.tn\/index.php?rest_route=\/wp\/v2\/media\/2283"}],"wp:attachment":[{"href":"https:\/\/smartquimica.tn\/index.php?rest_route=%2Fwp%2Fv2%2Fmedia&parent=2331"}],"wp:term":[{"taxonomy":"product_brand","embeddable":true,"href":"https:\/\/smartquimica.tn\/index.php?rest_route=%2Fwp%2Fv2%2Fproduct_brand&post=2331"},{"taxonomy":"product_cat","embeddable":true,"href":"https:\/\/smartquimica.tn\/index.php?rest_route=%2Fwp%2Fv2%2Fproduct_cat&post=2331"},{"taxonomy":"product_tag","embeddable":true,"href":"https:\/\/smartquimica.tn\/index.php?rest_route=%2Fwp%2Fv2%2Fproduct_tag&post=2331"}],"curies":[{"name":"wp","href":"https:\/\/api.w.org\/{rel}","templated":true}]}}