{"id":2274,"date":"2025-11-24T12:16:03","date_gmt":"2025-11-24T12:16:03","guid":{"rendered":"https:\/\/smartquimica.tn\/?post_type=product&#038;p=2274"},"modified":"2025-11-24T12:16:03","modified_gmt":"2025-11-24T12:16:03","slug":"cetyl-alcohol-lanette-16","status":"publish","type":"product","link":"https:\/\/smartquimica.tn\/?product=cetyl-alcohol-lanette-16","title":{"rendered":"Cetyl Alcohol (LANETTE 16)"},"content":{"rendered":"<p>Le <strong data-start=\"3\" data-end=\"47\">Cetyl Alcohol (Lanette 16) de NTURA SHOP<\/strong> est un alcool gras utilis\u00e9 en cosm\u00e9tique comme <strong data-start=\"95\" data-end=\"148\">\u00e9mollient, \u00e9paississant et stabilisant d\u2019\u00e9mulsion<\/strong>. Il apporte aux cr\u00e8mes et lotions une texture riche, onctueuse et agr\u00e9able au toucher, tout en renfor\u00e7ant la coh\u00e9sion des \u00e9mulsions, particuli\u00e8rement les formulations huile-dans-eau (O\/W). En plus de ses propri\u00e9t\u00e9s structurant les \u00e9mulsions, il <strong data-start=\"394\" data-end=\"422\">adoucit et lisse la peau<\/strong>, contribuant \u00e0 un effet hydratant et protecteur. La <strong data-start=\"475\" data-end=\"518\">concentration d\u2019utilisation recommand\u00e9e<\/strong> se situe g\u00e9n\u00e9ralement entre <strong data-start=\"547\" data-end=\"562\">1 % et 10 %<\/strong>, selon la consistance et la richesse souhait\u00e9es du produit fini.<\/p>\n","protected":false},"excerpt":{"rendered":"<p>Le Cetyl Alcohol (Lanette 16) de NTURA SHOP est un alcool gras utilis\u00e9 en cosm\u00e9tique comme \u00e9mollient, \u00e9paississant et stabilisant d\u2019\u00e9mulsion. Il apporte aux cr\u00e8mes et lotions une texture riche, onctueuse et agr\u00e9able au toucher, tout en renfor\u00e7ant la coh\u00e9sion des \u00e9mulsions, particuli\u00e8rement les formulations huile-dans-eau (O\/W). En plus de ses propri\u00e9t\u00e9s structurant les \u00e9mulsions, [&hellip;]<\/p>\n","protected":false},"featured_media":2275,"comment_status":"open","ping_status":"closed","template":"","meta":[],"product_brand":[],"product_cat":[79],"product_tag":[113,104],"class_list":{"0":"post-2274","1":"product","2":"type-product","3":"status-publish","4":"has-post-thumbnail","6":"product_cat-emulsifiants-et-rheologie","7":"product_tag-actif","8":"product_tag-cosmetique","10":"first","11":"onbackorder","12":"shipping-taxable","13":"purchasable","14":"product-type-variable"},"_links":{"self":[{"href":"https:\/\/smartquimica.tn\/index.php?rest_route=\/wp\/v2\/product\/2274","targetHints":{"allow":["GET"]}}],"collection":[{"href":"https:\/\/smartquimica.tn\/index.php?rest_route=\/wp\/v2\/product"}],"about":[{"href":"https:\/\/smartquimica.tn\/index.php?rest_route=\/wp\/v2\/types\/product"}],"replies":[{"embeddable":true,"href":"https:\/\/smartquimica.tn\/index.php?rest_route=%2Fwp%2Fv2%2Fcomments&post=2274"}],"wp:featuredmedia":[{"embeddable":true,"href":"https:\/\/smartquimica.tn\/index.php?rest_route=\/wp\/v2\/media\/2275"}],"wp:attachment":[{"href":"https:\/\/smartquimica.tn\/index.php?rest_route=%2Fwp%2Fv2%2Fmedia&parent=2274"}],"wp:term":[{"taxonomy":"product_brand","embeddable":true,"href":"https:\/\/smartquimica.tn\/index.php?rest_route=%2Fwp%2Fv2%2Fproduct_brand&post=2274"},{"taxonomy":"product_cat","embeddable":true,"href":"https:\/\/smartquimica.tn\/index.php?rest_route=%2Fwp%2Fv2%2Fproduct_cat&post=2274"},{"taxonomy":"product_tag","embeddable":true,"href":"https:\/\/smartquimica.tn\/index.php?rest_route=%2Fwp%2Fv2%2Fproduct_tag&post=2274"}],"curies":[{"name":"wp","href":"https:\/\/api.w.org\/{rel}","templated":true}]}}