{"id":2250,"date":"2025-11-24T11:29:39","date_gmt":"2025-11-24T11:29:39","guid":{"rendered":"https:\/\/smartquimica.tn\/?post_type=product&#038;p=2250"},"modified":"2025-11-24T11:29:39","modified_gmt":"2025-11-24T11:29:39","slug":"polysorbate-80-tween-80","status":"publish","type":"product","link":"https:\/\/smartquimica.tn\/?product=polysorbate-80-tween-80","title":{"rendered":"POLYSORBATE 80 (TWEEN 80)"},"content":{"rendered":"<p>Le Polysorbate 80 est un \u00e9mulsifiant et solubilisant non ionique adapt\u00e9 aux huiles plus lourdes ou v\u00e9g\u00e9tales, am\u00e9liorant la dispersion des corps gras dans les formules aqueuses et stabilisant les \u00e9mulsions fluides \u00e0 moyennes viscosit\u00e9s. Il est utilis\u00e9 dans les cr\u00e8mes, lotions, bains moussants, s\u00e9rums huileux solubilis\u00e9s et soins capillaires n\u00e9cessitant la dispersion d\u2019huiles v\u00e9g\u00e9tales ou de colorants.<\/p>\n","protected":false},"excerpt":{"rendered":"<p>Le Polysorbate 80 est un \u00e9mulsifiant et solubilisant non ionique adapt\u00e9 aux huiles plus lourdes ou v\u00e9g\u00e9tales, am\u00e9liorant la dispersion des corps gras dans les formules aqueuses et stabilisant les \u00e9mulsions fluides \u00e0 moyennes viscosit\u00e9s. Il est utilis\u00e9 dans les cr\u00e8mes, lotions, bains moussants, s\u00e9rums huileux solubilis\u00e9s et soins capillaires n\u00e9cessitant la dispersion d\u2019huiles v\u00e9g\u00e9tales [&hellip;]<\/p>\n","protected":false},"featured_media":2238,"comment_status":"open","ping_status":"closed","template":"","meta":[],"product_brand":[],"product_cat":[79],"product_tag":[113,124],"class_list":{"0":"post-2250","1":"product","2":"type-product","3":"status-publish","4":"has-post-thumbnail","6":"product_cat-emulsifiants-et-rheologie","7":"product_tag-actif","8":"product_tag-cremes-cosmetiques","10":"first","11":"instock","12":"shipping-taxable","13":"purchasable","14":"product-type-variable"},"_links":{"self":[{"href":"https:\/\/smartquimica.tn\/index.php?rest_route=\/wp\/v2\/product\/2250","targetHints":{"allow":["GET"]}}],"collection":[{"href":"https:\/\/smartquimica.tn\/index.php?rest_route=\/wp\/v2\/product"}],"about":[{"href":"https:\/\/smartquimica.tn\/index.php?rest_route=\/wp\/v2\/types\/product"}],"replies":[{"embeddable":true,"href":"https:\/\/smartquimica.tn\/index.php?rest_route=%2Fwp%2Fv2%2Fcomments&post=2250"}],"wp:featuredmedia":[{"embeddable":true,"href":"https:\/\/smartquimica.tn\/index.php?rest_route=\/wp\/v2\/media\/2238"}],"wp:attachment":[{"href":"https:\/\/smartquimica.tn\/index.php?rest_route=%2Fwp%2Fv2%2Fmedia&parent=2250"}],"wp:term":[{"taxonomy":"product_brand","embeddable":true,"href":"https:\/\/smartquimica.tn\/index.php?rest_route=%2Fwp%2Fv2%2Fproduct_brand&post=2250"},{"taxonomy":"product_cat","embeddable":true,"href":"https:\/\/smartquimica.tn\/index.php?rest_route=%2Fwp%2Fv2%2Fproduct_cat&post=2250"},{"taxonomy":"product_tag","embeddable":true,"href":"https:\/\/smartquimica.tn\/index.php?rest_route=%2Fwp%2Fv2%2Fproduct_tag&post=2250"}],"curies":[{"name":"wp","href":"https:\/\/api.w.org\/{rel}","templated":true}]}}