{"id":2140,"date":"2025-11-20T09:15:29","date_gmt":"2025-11-20T09:15:29","guid":{"rendered":"https:\/\/smartquimica.tn\/?post_type=product&#038;p=2140"},"modified":"2025-11-20T09:15:30","modified_gmt":"2025-11-20T09:15:30","slug":"mono-propylene-glycol-usp","status":"publish","type":"product","link":"https:\/\/smartquimica.tn\/?product=mono-propylene-glycol-usp","title":{"rendered":"MONO PROPYLENE GLYCOL USP"},"content":{"rendered":"<p>Le <strong data-start=\"3\" data-end=\"32\">Mono Propylene Glycol USP<\/strong> (ou <strong data-start=\"37\" data-end=\"57\">Propyl\u00e8ne Glycol<\/strong>, grade pharmaceutique USP) est un <strong data-start=\"92\" data-end=\"103\">solvant<\/strong>, <strong data-start=\"105\" data-end=\"118\">humectant<\/strong> et <strong data-start=\"122\" data-end=\"141\">agent hydratant<\/strong> tr\u00e8s utilis\u00e9 en cosm\u00e9tique, en pharmacie et dans les soins capillaires. Issu de la synth\u00e8se organique (par hydratation du propyl\u00e8ne oxyde), il attire et retient l\u2019eau, ce qui aide \u00e0 maintenir l\u2019hydratation de la peau et des cheveux, am\u00e9liore leur souplesse et r\u00e9duit le dess\u00e8chement. Gr\u00e2ce \u00e0 son excellente capacit\u00e9 de <strong data-start=\"461\" data-end=\"479\">solubilisation<\/strong>, il facilite l\u2019incorporation d\u2019actifs, parfums et conservateurs, et am\u00e9liore leur <strong data-start=\"562\" data-end=\"577\">p\u00e9n\u00e9tration<\/strong> dans la peau. Dans les soins capillaires, il augmente l\u2019hydratation, limite les frisottis et aide \u00e0 la diffusion uniforme d\u2019autres ingr\u00e9dients. Le grade <strong data-start=\"731\" data-end=\"738\">USP<\/strong> garantit une tr\u00e8s haute puret\u00e9, adapt\u00e9e aux produits sensibles (s\u00e9rums, soins visage, gels, lotions, soins capillaires). Il s\u2019utilise g\u00e9n\u00e9ralement entre <strong data-start=\"892\" data-end=\"905\">1 et 10 %<\/strong>, est compatible avec la majorit\u00e9 des actifs hydrosolubles et offre un bon \u00e9quilibre entre efficacit\u00e9 humectante et absence de collant.<\/p>\n","protected":false},"excerpt":{"rendered":"<p>Le Mono Propylene Glycol USP (ou Propyl\u00e8ne Glycol, grade pharmaceutique USP) est un solvant, humectant et agent hydratant tr\u00e8s utilis\u00e9 en cosm\u00e9tique, en pharmacie et dans les soins capillaires. Issu de la synth\u00e8se organique (par hydratation du propyl\u00e8ne oxyde), il attire et retient l\u2019eau, ce qui aide \u00e0 maintenir l\u2019hydratation de la peau et des [&hellip;]<\/p>\n","protected":false},"featured_media":2141,"comment_status":"open","ping_status":"closed","template":"","meta":[],"product_brand":[],"product_cat":[86,87],"product_tag":[113,124,106],"class_list":{"0":"post-2140","1":"product","2":"type-product","3":"status-publish","4":"has-post-thumbnail","6":"product_cat-emollient","7":"product_cat-solvant","8":"product_tag-actif","9":"product_tag-cremes-cosmetiques","10":"product_tag-hydratant","12":"first","13":"instock","14":"shipping-taxable","15":"purchasable","16":"product-type-variable"},"_links":{"self":[{"href":"https:\/\/smartquimica.tn\/index.php?rest_route=\/wp\/v2\/product\/2140","targetHints":{"allow":["GET"]}}],"collection":[{"href":"https:\/\/smartquimica.tn\/index.php?rest_route=\/wp\/v2\/product"}],"about":[{"href":"https:\/\/smartquimica.tn\/index.php?rest_route=\/wp\/v2\/types\/product"}],"replies":[{"embeddable":true,"href":"https:\/\/smartquimica.tn\/index.php?rest_route=%2Fwp%2Fv2%2Fcomments&post=2140"}],"wp:featuredmedia":[{"embeddable":true,"href":"https:\/\/smartquimica.tn\/index.php?rest_route=\/wp\/v2\/media\/2141"}],"wp:attachment":[{"href":"https:\/\/smartquimica.tn\/index.php?rest_route=%2Fwp%2Fv2%2Fmedia&parent=2140"}],"wp:term":[{"taxonomy":"product_brand","embeddable":true,"href":"https:\/\/smartquimica.tn\/index.php?rest_route=%2Fwp%2Fv2%2Fproduct_brand&post=2140"},{"taxonomy":"product_cat","embeddable":true,"href":"https:\/\/smartquimica.tn\/index.php?rest_route=%2Fwp%2Fv2%2Fproduct_cat&post=2140"},{"taxonomy":"product_tag","embeddable":true,"href":"https:\/\/smartquimica.tn\/index.php?rest_route=%2Fwp%2Fv2%2Fproduct_tag&post=2140"}],"curies":[{"name":"wp","href":"https:\/\/api.w.org\/{rel}","templated":true}]}}