{"id":1913,"date":"2025-11-17T08:36:07","date_gmt":"2025-11-17T08:36:07","guid":{"rendered":"https:\/\/smartquimica.tn\/?post_type=product&#038;p=1913"},"modified":"2025-11-17T08:36:08","modified_gmt":"2025-11-17T08:36:08","slug":"fragrance-blue-soft","status":"publish","type":"product","link":"https:\/\/smartquimica.tn\/?product=fragrance-blue-soft","title":{"rendered":"FRAGRANCE BLUE SOFT"},"content":{"rendered":"<p>Un parfum d\u2019une grande d\u00e9licatesse, inspir\u00e9 par la puret\u00e9 de l\u2019eau et la douceur du coton. Ses accords floraux et musqu\u00e9s enveloppent les sens dans une bulle de confort et de s\u00e9r\u00e9nit\u00e9. Id\u00e9al pour les lessives et les assouplissants, il diffuse une impression durable de fra\u00eecheur propre. Blue Soft symbolise la propret\u00e9 moderne et la douceur apaisante du linge immacul\u00e9.<\/p>\n","protected":false},"excerpt":{"rendered":"<p>Un parfum d\u2019une grande d\u00e9licatesse, inspir\u00e9 par la puret\u00e9 de l\u2019eau et la douceur du coton. Ses accords floraux et musqu\u00e9s enveloppent les sens dans une bulle de confort et de s\u00e9r\u00e9nit\u00e9. Id\u00e9al pour les lessives et les assouplissants, il diffuse une impression durable de fra\u00eecheur propre. Blue Soft symbolise la propret\u00e9 moderne et la [&hellip;]<\/p>\n","protected":false},"featured_media":1726,"comment_status":"open","ping_status":"closed","template":"","meta":[],"product_brand":[],"product_cat":[122],"product_tag":[123,125],"class_list":{"0":"post-1913","1":"product","2":"type-product","3":"status-publish","4":"has-post-thumbnail","6":"product_cat-fragrance-polycreatives","7":"product_tag-air-fresh-ambiance","8":"product_tag-air-fresh-parfums-de-linge","10":"first","11":"instock","12":"shipping-taxable","13":"purchasable","14":"product-type-variable"},"_links":{"self":[{"href":"https:\/\/smartquimica.tn\/index.php?rest_route=\/wp\/v2\/product\/1913","targetHints":{"allow":["GET"]}}],"collection":[{"href":"https:\/\/smartquimica.tn\/index.php?rest_route=\/wp\/v2\/product"}],"about":[{"href":"https:\/\/smartquimica.tn\/index.php?rest_route=\/wp\/v2\/types\/product"}],"replies":[{"embeddable":true,"href":"https:\/\/smartquimica.tn\/index.php?rest_route=%2Fwp%2Fv2%2Fcomments&post=1913"}],"wp:featuredmedia":[{"embeddable":true,"href":"https:\/\/smartquimica.tn\/index.php?rest_route=\/wp\/v2\/media\/1726"}],"wp:attachment":[{"href":"https:\/\/smartquimica.tn\/index.php?rest_route=%2Fwp%2Fv2%2Fmedia&parent=1913"}],"wp:term":[{"taxonomy":"product_brand","embeddable":true,"href":"https:\/\/smartquimica.tn\/index.php?rest_route=%2Fwp%2Fv2%2Fproduct_brand&post=1913"},{"taxonomy":"product_cat","embeddable":true,"href":"https:\/\/smartquimica.tn\/index.php?rest_route=%2Fwp%2Fv2%2Fproduct_cat&post=1913"},{"taxonomy":"product_tag","embeddable":true,"href":"https:\/\/smartquimica.tn\/index.php?rest_route=%2Fwp%2Fv2%2Fproduct_tag&post=1913"}],"curies":[{"name":"wp","href":"https:\/\/api.w.org\/{rel}","templated":true}]}}