{"id":1891,"date":"2025-11-15T12:13:16","date_gmt":"2025-11-15T12:13:16","guid":{"rendered":"https:\/\/smartquimica.tn\/?post_type=product&#038;p=1891"},"modified":"2025-11-15T12:13:17","modified_gmt":"2025-11-15T12:13:17","slug":"fragrance-drip-lavand-neopure","status":"publish","type":"product","link":"https:\/\/smartquimica.tn\/?product=fragrance-drip-lavand-neopure","title":{"rendered":"FRAGRANCE DRIP LAVAND NEOPURE"},"content":{"rendered":"<p>Symbole de propret\u00e9 et de d\u00e9tente, la lavande offre un parfum classique et apaisant. Ses notes florales et herbac\u00e9es rappellent les champs du sud de la France, apportant calme et bien-\u00eatre. Id\u00e9ale pour les lessives, assouplissants et produits d\u2019hygi\u00e8ne, elle transmet une impression de fra\u00eecheur et de nature. Une valeur s\u00fbre pour les amateurs de senteurs pures et relaxantes.<\/p>\n","protected":false},"excerpt":{"rendered":"<p>Symbole de propret\u00e9 et de d\u00e9tente, la lavande offre un parfum classique et apaisant. Ses notes florales et herbac\u00e9es rappellent les champs du sud de la France, apportant calme et bien-\u00eatre. Id\u00e9ale pour les lessives, assouplissants et produits d\u2019hygi\u00e8ne, elle transmet une impression de fra\u00eecheur et de nature. Une valeur s\u00fbre pour les amateurs de [&hellip;]<\/p>\n","protected":false},"featured_media":1694,"comment_status":"open","ping_status":"closed","template":"","meta":[],"product_brand":[],"product_cat":[126,122],"product_tag":[123,125],"class_list":{"0":"post-1891","1":"product","2":"type-product","3":"status-publish","4":"has-post-thumbnail","6":"product_cat-fragrance-special-bougies","7":"product_cat-fragrance-polycreatives","8":"product_tag-air-fresh-ambiance","9":"product_tag-air-fresh-parfums-de-linge","11":"first","12":"instock","13":"shipping-taxable","14":"purchasable","15":"product-type-variable"},"_links":{"self":[{"href":"https:\/\/smartquimica.tn\/index.php?rest_route=\/wp\/v2\/product\/1891","targetHints":{"allow":["GET"]}}],"collection":[{"href":"https:\/\/smartquimica.tn\/index.php?rest_route=\/wp\/v2\/product"}],"about":[{"href":"https:\/\/smartquimica.tn\/index.php?rest_route=\/wp\/v2\/types\/product"}],"replies":[{"embeddable":true,"href":"https:\/\/smartquimica.tn\/index.php?rest_route=%2Fwp%2Fv2%2Fcomments&post=1891"}],"wp:featuredmedia":[{"embeddable":true,"href":"https:\/\/smartquimica.tn\/index.php?rest_route=\/wp\/v2\/media\/1694"}],"wp:attachment":[{"href":"https:\/\/smartquimica.tn\/index.php?rest_route=%2Fwp%2Fv2%2Fmedia&parent=1891"}],"wp:term":[{"taxonomy":"product_brand","embeddable":true,"href":"https:\/\/smartquimica.tn\/index.php?rest_route=%2Fwp%2Fv2%2Fproduct_brand&post=1891"},{"taxonomy":"product_cat","embeddable":true,"href":"https:\/\/smartquimica.tn\/index.php?rest_route=%2Fwp%2Fv2%2Fproduct_cat&post=1891"},{"taxonomy":"product_tag","embeddable":true,"href":"https:\/\/smartquimica.tn\/index.php?rest_route=%2Fwp%2Fv2%2Fproduct_tag&post=1891"}],"curies":[{"name":"wp","href":"https:\/\/api.w.org\/{rel}","templated":true}]}}