{"id":1883,"date":"2025-11-15T12:05:38","date_gmt":"2025-11-15T12:05:38","guid":{"rendered":"https:\/\/smartquimica.tn\/?post_type=product&#038;p=1883"},"modified":"2025-11-15T12:05:38","modified_gmt":"2025-11-15T12:05:38","slug":"fragrance-marine-intense","status":"publish","type":"product","link":"https:\/\/smartquimica.tn\/?product=fragrance-marine-intense","title":{"rendered":"FRAGRANCE MARINE INTENSE"},"content":{"rendered":"<p>Inspir\u00e9e par la puissance de l\u2019oc\u00e9an, Marine Intense allie fra\u00eecheur aquatique et profondeur iod\u00e9e. Ses notes marines se marient \u00e0 des nuances d\u2019algues et de brise saline pour cr\u00e9er une atmosph\u00e8re vivifiante. Id\u00e9ale pour les lessives, d\u00e9tergents ou d\u00e9sodorisants, cette fragrance procure une sensation de propret\u00e9 absolue et de libert\u00e9. Elle \u00e9voque le grand large et la fra\u00eecheur infinie.<\/p>\n","protected":false},"excerpt":{"rendered":"<p>Inspir\u00e9e par la puissance de l\u2019oc\u00e9an, Marine Intense allie fra\u00eecheur aquatique et profondeur iod\u00e9e. Ses notes marines se marient \u00e0 des nuances d\u2019algues et de brise saline pour cr\u00e9er une atmosph\u00e8re vivifiante. Id\u00e9ale pour les lessives, d\u00e9tergents ou d\u00e9sodorisants, cette fragrance procure une sensation de propret\u00e9 absolue et de libert\u00e9. Elle \u00e9voque le grand large [&hellip;]<\/p>\n","protected":false},"featured_media":1763,"comment_status":"open","ping_status":"closed","template":"","meta":[],"product_brand":[],"product_cat":[122],"product_tag":[123,125],"class_list":{"0":"post-1883","1":"product","2":"type-product","3":"status-publish","4":"has-post-thumbnail","6":"product_cat-fragrance-polycreatives","7":"product_tag-air-fresh-ambiance","8":"product_tag-air-fresh-parfums-de-linge","10":"first","11":"instock","12":"shipping-taxable","13":"purchasable","14":"product-type-variable"},"_links":{"self":[{"href":"https:\/\/smartquimica.tn\/index.php?rest_route=\/wp\/v2\/product\/1883","targetHints":{"allow":["GET"]}}],"collection":[{"href":"https:\/\/smartquimica.tn\/index.php?rest_route=\/wp\/v2\/product"}],"about":[{"href":"https:\/\/smartquimica.tn\/index.php?rest_route=\/wp\/v2\/types\/product"}],"replies":[{"embeddable":true,"href":"https:\/\/smartquimica.tn\/index.php?rest_route=%2Fwp%2Fv2%2Fcomments&post=1883"}],"wp:featuredmedia":[{"embeddable":true,"href":"https:\/\/smartquimica.tn\/index.php?rest_route=\/wp\/v2\/media\/1763"}],"wp:attachment":[{"href":"https:\/\/smartquimica.tn\/index.php?rest_route=%2Fwp%2Fv2%2Fmedia&parent=1883"}],"wp:term":[{"taxonomy":"product_brand","embeddable":true,"href":"https:\/\/smartquimica.tn\/index.php?rest_route=%2Fwp%2Fv2%2Fproduct_brand&post=1883"},{"taxonomy":"product_cat","embeddable":true,"href":"https:\/\/smartquimica.tn\/index.php?rest_route=%2Fwp%2Fv2%2Fproduct_cat&post=1883"},{"taxonomy":"product_tag","embeddable":true,"href":"https:\/\/smartquimica.tn\/index.php?rest_route=%2Fwp%2Fv2%2Fproduct_tag&post=1883"}],"curies":[{"name":"wp","href":"https:\/\/api.w.org\/{rel}","templated":true}]}}