{"id":1606,"date":"2025-11-03T14:22:29","date_gmt":"2025-11-03T14:22:29","guid":{"rendered":"https:\/\/smartquimica.tn\/?post_type=product&#038;p=1606"},"modified":"2025-11-03T14:22:29","modified_gmt":"2025-11-03T14:22:29","slug":"zara-night-2","status":"publish","type":"product","link":"https:\/\/smartquimica.tn\/?product=zara-night-2","title":{"rendered":"ZARA Night 2"},"content":{"rendered":"<p><b>Zara Night Pour Homme II<\/b>\u00a0de\u00a0<b>Zara<\/b>\u00a0est un parfum Aromatique Foug\u00e8re pour homme.\u00a0<b>Zara Night Pour Homme II<\/b>\u00a0a \u00e9t\u00e9 lanc\u00e9 en 2017. Les notes de t\u00eate sont Bergamote et Citron; la note de coeur est Lavande; les notes de fond sont Ambre et C\u00e8dre.<\/p>\n","protected":false},"excerpt":{"rendered":"<p>Zara Night Pour Homme II\u00a0de\u00a0Zara\u00a0est un parfum Aromatique Foug\u00e8re pour homme.\u00a0Zara Night Pour Homme II\u00a0a \u00e9t\u00e9 lanc\u00e9 en 2017. Les notes de t\u00eate sont Bergamote et Citron; la note de coeur est Lavande; les notes de fond sont Ambre et C\u00e8dre.<\/p>\n","protected":false},"featured_media":1482,"comment_status":"open","ping_status":"closed","template":"","meta":[],"product_brand":[],"product_cat":[80,116],"product_tag":[117,118,119],"class_list":{"0":"post-1606","1":"product","2":"type-product","3":"status-publish","4":"has-post-thumbnail","6":"product_cat-fragrance","7":"product_cat-parfumerie-fine","8":"product_tag-base-de-parfum","9":"product_tag-femme","10":"product_tag-homme","12":"first","13":"instock","14":"sale","15":"shipping-taxable","16":"purchasable","17":"product-type-variable"},"_links":{"self":[{"href":"https:\/\/smartquimica.tn\/index.php?rest_route=\/wp\/v2\/product\/1606","targetHints":{"allow":["GET"]}}],"collection":[{"href":"https:\/\/smartquimica.tn\/index.php?rest_route=\/wp\/v2\/product"}],"about":[{"href":"https:\/\/smartquimica.tn\/index.php?rest_route=\/wp\/v2\/types\/product"}],"replies":[{"embeddable":true,"href":"https:\/\/smartquimica.tn\/index.php?rest_route=%2Fwp%2Fv2%2Fcomments&post=1606"}],"wp:featuredmedia":[{"embeddable":true,"href":"https:\/\/smartquimica.tn\/index.php?rest_route=\/wp\/v2\/media\/1482"}],"wp:attachment":[{"href":"https:\/\/smartquimica.tn\/index.php?rest_route=%2Fwp%2Fv2%2Fmedia&parent=1606"}],"wp:term":[{"taxonomy":"product_brand","embeddable":true,"href":"https:\/\/smartquimica.tn\/index.php?rest_route=%2Fwp%2Fv2%2Fproduct_brand&post=1606"},{"taxonomy":"product_cat","embeddable":true,"href":"https:\/\/smartquimica.tn\/index.php?rest_route=%2Fwp%2Fv2%2Fproduct_cat&post=1606"},{"taxonomy":"product_tag","embeddable":true,"href":"https:\/\/smartquimica.tn\/index.php?rest_route=%2Fwp%2Fv2%2Fproduct_tag&post=1606"}],"curies":[{"name":"wp","href":"https:\/\/api.w.org\/{rel}","templated":true}]}}