{"id":1583,"date":"2025-11-03T13:34:46","date_gmt":"2025-11-03T13:34:46","guid":{"rendered":"https:\/\/smartquimica.tn\/?post_type=product&#038;p=1583"},"modified":"2025-11-03T13:34:46","modified_gmt":"2025-11-03T13:34:46","slug":"crystal-noir-versace","status":"publish","type":"product","link":"https:\/\/smartquimica.tn\/?product=crystal-noir-versace","title":{"rendered":"CRYSTAL NOIR &#8211; VERSACE"},"content":{"rendered":"<p><b>Crystal Noir<\/b>\u00a0de\u00a0<b>Versace<\/b>\u00a0est un parfum Orientale Floral pour femme.\u00a0<b>Crystal Noir<\/b>\u00a0a \u00e9t\u00e9 lanc\u00e9 en 2004. Le nez derri\u00e8re ce parfum est Antoine Lie. Les notes de t\u00eate sont Poivre, Gingembre et Cardamome; les notes de coeur sont Noix de Coco, Gard\u00e9nia, Fleur d&rsquo;oranger et Pivoine; les notes de fond sont Bois de santal, Musc et Ambre.<\/p>\n","protected":false},"excerpt":{"rendered":"<p>Crystal Noir\u00a0de\u00a0Versace\u00a0est un parfum Orientale Floral pour femme.\u00a0Crystal Noir\u00a0a \u00e9t\u00e9 lanc\u00e9 en 2004. Le nez derri\u00e8re ce parfum est Antoine Lie. Les notes de t\u00eate sont Poivre, Gingembre et Cardamome; les notes de coeur sont Noix de Coco, Gard\u00e9nia, Fleur d&rsquo;oranger et Pivoine; les notes de fond sont Bois de santal, Musc et Ambre.<\/p>\n","protected":false},"featured_media":1487,"comment_status":"open","ping_status":"closed","template":"","meta":[],"product_brand":[],"product_cat":[80,116],"product_tag":[117,118,119],"class_list":{"0":"post-1583","1":"product","2":"type-product","3":"status-publish","4":"has-post-thumbnail","6":"product_cat-fragrance","7":"product_cat-parfumerie-fine","8":"product_tag-base-de-parfum","9":"product_tag-femme","10":"product_tag-homme","12":"first","13":"instock","14":"sale","15":"shipping-taxable","16":"purchasable","17":"product-type-variable"},"_links":{"self":[{"href":"https:\/\/smartquimica.tn\/index.php?rest_route=\/wp\/v2\/product\/1583","targetHints":{"allow":["GET"]}}],"collection":[{"href":"https:\/\/smartquimica.tn\/index.php?rest_route=\/wp\/v2\/product"}],"about":[{"href":"https:\/\/smartquimica.tn\/index.php?rest_route=\/wp\/v2\/types\/product"}],"replies":[{"embeddable":true,"href":"https:\/\/smartquimica.tn\/index.php?rest_route=%2Fwp%2Fv2%2Fcomments&post=1583"}],"wp:featuredmedia":[{"embeddable":true,"href":"https:\/\/smartquimica.tn\/index.php?rest_route=\/wp\/v2\/media\/1487"}],"wp:attachment":[{"href":"https:\/\/smartquimica.tn\/index.php?rest_route=%2Fwp%2Fv2%2Fmedia&parent=1583"}],"wp:term":[{"taxonomy":"product_brand","embeddable":true,"href":"https:\/\/smartquimica.tn\/index.php?rest_route=%2Fwp%2Fv2%2Fproduct_brand&post=1583"},{"taxonomy":"product_cat","embeddable":true,"href":"https:\/\/smartquimica.tn\/index.php?rest_route=%2Fwp%2Fv2%2Fproduct_cat&post=1583"},{"taxonomy":"product_tag","embeddable":true,"href":"https:\/\/smartquimica.tn\/index.php?rest_route=%2Fwp%2Fv2%2Fproduct_tag&post=1583"}],"curies":[{"name":"wp","href":"https:\/\/api.w.org\/{rel}","templated":true}]}}