{"id":1566,"date":"2025-11-03T12:48:56","date_gmt":"2025-11-03T12:48:56","guid":{"rendered":"https:\/\/smartquimica.tn\/?post_type=product&#038;p=1566"},"modified":"2025-11-03T12:48:57","modified_gmt":"2025-11-03T12:48:57","slug":"goubar-ameerat-el-arab-asdaaf","status":"publish","type":"product","link":"https:\/\/smartquimica.tn\/?product=goubar-ameerat-el-arab-asdaaf","title":{"rendered":"GOUBAR AMEERAT EL ARAB &#8211; ASDAAF"},"content":{"rendered":"<p><b>Ameerat Al Arab<\/b>\u00a0de\u00a0<b>Asdaaf<\/b>\u00a0est un parfum Floral pour femme.\u00a0<b>Ameerat Al Arab<\/b>\u00a0a \u00e9t\u00e9 lanc\u00e9 en 2022. Les notes de t\u00eate sont Agrumes et Bergamote; les notes de coeur sont Musc blanc et Alo\u00e9 vera; les notes de fond sont Jasmin, Musc, Notes bois\u00e9es et Oud.<\/p>\n","protected":false},"excerpt":{"rendered":"<p>Ameerat Al Arab\u00a0de\u00a0Asdaaf\u00a0est un parfum Floral pour femme.\u00a0Ameerat Al Arab\u00a0a \u00e9t\u00e9 lanc\u00e9 en 2022. Les notes de t\u00eate sont Agrumes et Bergamote; les notes de coeur sont Musc blanc et Alo\u00e9 vera; les notes de fond sont Jasmin, Musc, Notes bois\u00e9es et Oud.<\/p>\n","protected":false},"featured_media":1483,"comment_status":"open","ping_status":"closed","template":"","meta":[],"product_brand":[],"product_cat":[80,116],"product_tag":[117,118,119],"class_list":{"0":"post-1566","1":"product","2":"type-product","3":"status-publish","4":"has-post-thumbnail","6":"product_cat-fragrance","7":"product_cat-parfumerie-fine","8":"product_tag-base-de-parfum","9":"product_tag-femme","10":"product_tag-homme","12":"first","13":"instock","14":"sale","15":"shipping-taxable","16":"purchasable","17":"product-type-variable"},"_links":{"self":[{"href":"https:\/\/smartquimica.tn\/index.php?rest_route=\/wp\/v2\/product\/1566","targetHints":{"allow":["GET"]}}],"collection":[{"href":"https:\/\/smartquimica.tn\/index.php?rest_route=\/wp\/v2\/product"}],"about":[{"href":"https:\/\/smartquimica.tn\/index.php?rest_route=\/wp\/v2\/types\/product"}],"replies":[{"embeddable":true,"href":"https:\/\/smartquimica.tn\/index.php?rest_route=%2Fwp%2Fv2%2Fcomments&post=1566"}],"wp:featuredmedia":[{"embeddable":true,"href":"https:\/\/smartquimica.tn\/index.php?rest_route=\/wp\/v2\/media\/1483"}],"wp:attachment":[{"href":"https:\/\/smartquimica.tn\/index.php?rest_route=%2Fwp%2Fv2%2Fmedia&parent=1566"}],"wp:term":[{"taxonomy":"product_brand","embeddable":true,"href":"https:\/\/smartquimica.tn\/index.php?rest_route=%2Fwp%2Fv2%2Fproduct_brand&post=1566"},{"taxonomy":"product_cat","embeddable":true,"href":"https:\/\/smartquimica.tn\/index.php?rest_route=%2Fwp%2Fv2%2Fproduct_cat&post=1566"},{"taxonomy":"product_tag","embeddable":true,"href":"https:\/\/smartquimica.tn\/index.php?rest_route=%2Fwp%2Fv2%2Fproduct_tag&post=1566"}],"curies":[{"name":"wp","href":"https:\/\/api.w.org\/{rel}","templated":true}]}}