{"id":1561,"date":"2025-11-03T12:34:11","date_gmt":"2025-11-03T12:34:11","guid":{"rendered":"https:\/\/smartquimica.tn\/?post_type=product&#038;p=1561"},"modified":"2025-11-03T12:34:12","modified_gmt":"2025-11-03T12:34:12","slug":"gucci-oud-gucci","status":"publish","type":"product","link":"https:\/\/smartquimica.tn\/?product=gucci-oud-gucci","title":{"rendered":"GUCCI OUD &#8211; GUCCI"},"content":{"rendered":"<p><b>Gucci Oud<\/b>\u00a0de\u00a0<b>Gucci<\/b>\u00a0est un parfum Orientale bois\u00e9 pour homme et femme.\u00a0<b>Gucci Oud<\/b>\u00a0a \u00e9t\u00e9 lanc\u00e9 en 2014. Le nez derri\u00e8re ce parfum est Ilias Ermenidis. Les notes de t\u00eate sont Framboise, Safran et Poire; les notes de coeur sont Rose de Bulgarie et Fleur d&rsquo;oranger; les notes de fond sont Oud, Patchouli, Ambre et Musc.<\/p>\n","protected":false},"excerpt":{"rendered":"<p>Gucci Oud\u00a0de\u00a0Gucci\u00a0est un parfum Orientale bois\u00e9 pour homme et femme.\u00a0Gucci Oud\u00a0a \u00e9t\u00e9 lanc\u00e9 en 2014. Le nez derri\u00e8re ce parfum est Ilias Ermenidis. Les notes de t\u00eate sont Framboise, Safran et Poire; les notes de coeur sont Rose de Bulgarie et Fleur d&rsquo;oranger; les notes de fond sont Oud, Patchouli, Ambre et Musc.<\/p>\n","protected":false},"featured_media":1489,"comment_status":"open","ping_status":"closed","template":"","meta":[],"product_brand":[],"product_cat":[80,116],"product_tag":[117,118,119],"class_list":{"0":"post-1561","1":"product","2":"type-product","3":"status-publish","4":"has-post-thumbnail","6":"product_cat-fragrance","7":"product_cat-parfumerie-fine","8":"product_tag-base-de-parfum","9":"product_tag-femme","10":"product_tag-homme","12":"first","13":"instock","14":"sale","15":"shipping-taxable","16":"purchasable","17":"product-type-variable"},"_links":{"self":[{"href":"https:\/\/smartquimica.tn\/index.php?rest_route=\/wp\/v2\/product\/1561","targetHints":{"allow":["GET"]}}],"collection":[{"href":"https:\/\/smartquimica.tn\/index.php?rest_route=\/wp\/v2\/product"}],"about":[{"href":"https:\/\/smartquimica.tn\/index.php?rest_route=\/wp\/v2\/types\/product"}],"replies":[{"embeddable":true,"href":"https:\/\/smartquimica.tn\/index.php?rest_route=%2Fwp%2Fv2%2Fcomments&post=1561"}],"wp:featuredmedia":[{"embeddable":true,"href":"https:\/\/smartquimica.tn\/index.php?rest_route=\/wp\/v2\/media\/1489"}],"wp:attachment":[{"href":"https:\/\/smartquimica.tn\/index.php?rest_route=%2Fwp%2Fv2%2Fmedia&parent=1561"}],"wp:term":[{"taxonomy":"product_brand","embeddable":true,"href":"https:\/\/smartquimica.tn\/index.php?rest_route=%2Fwp%2Fv2%2Fproduct_brand&post=1561"},{"taxonomy":"product_cat","embeddable":true,"href":"https:\/\/smartquimica.tn\/index.php?rest_route=%2Fwp%2Fv2%2Fproduct_cat&post=1561"},{"taxonomy":"product_tag","embeddable":true,"href":"https:\/\/smartquimica.tn\/index.php?rest_route=%2Fwp%2Fv2%2Fproduct_tag&post=1561"}],"curies":[{"name":"wp","href":"https:\/\/api.w.org\/{rel}","templated":true}]}}