{"id":1319,"date":"2025-10-10T15:00:05","date_gmt":"2025-10-10T15:00:05","guid":{"rendered":"https:\/\/smartquimica.tn\/?post_type=product&#038;p=1319"},"modified":"2025-10-10T15:00:09","modified_gmt":"2025-10-10T15:00:09","slug":"hydrolat-fleur-doranger-neroli-sans-conservateur","status":"publish","type":"product","link":"https:\/\/smartquimica.tn\/?product=hydrolat-fleur-doranger-neroli-sans-conservateur","title":{"rendered":"HYDROLAT FLEUR D&rsquo;ORANGER &#8211; N\u00c9ROLI  &#8211; Sans conservateur"},"content":{"rendered":"<div class=\"wpb-content-wrapper\"><p>Les fleurs du Bigaradier, parties les plus d\u00e9licates de cet arbre, d\u00e9gagent de tr\u00e8s fins ar\u00f4mes. Ces derni\u00e8res permettent d&rsquo;obtenir l&rsquo;huile essentielle de N\u00e9roli, tr\u00e8s pr\u00e9cieuse. De cette distillation, on obtient \u00e9galement l&rsquo;hydrolat de Fleur d&rsquo;Oranger, beaucoup plus souple d&rsquo;utilisation.<\/p>\n<div class=\"properties-all vc_row\">\n<p id=\"proprietes\" class=\"h2-collapsable\"><strong>Propri\u00e9t\u00e9s principales<\/strong><\/p>\n<\/div>\n<div class=\"vc_row\">\n<div class=\"content-properties\">\n<div class=\"properties\">\n<ul>\n<li><strong>calmant, antid\u00e9pressif\u00a0<\/strong>:comme tous les produits issus du bigaradier, l&rsquo;hydrolat est particuli\u00e8rement apaisant. Il est ainsi tout indiqu\u00e9 pour lutter contre le stress, l&rsquo;anxi\u00e9t\u00e9, la d\u00e9pression ou en cas de choc \u00e9motionnel. Du fait de sa grande douceur, il est tout \u00e0 fait adapt\u00e9 aux enfants et b\u00e9b\u00e9s agit\u00e9s ainsi qu&rsquo;aux animaux stress\u00e9s.\n<p>&nbsp;<\/li>\n<li><strong>r\u00e9\u00e9quilibrant nerveux\u00a0<\/strong>:l&rsquo;hydrolat de Fleur d&rsquo;Oranger va relaxer aussi bien le mental que le physique. Il va ainsi pouvoir lutter contre les insomnies ou calmer l&rsquo;hyperactivit\u00e9. Il apporte \u00e0 l&rsquo;organisme un vent de s\u00e9r\u00e9nit\u00e9.\n<p>&nbsp;<\/li>\n<li><strong>apaisant, r\u00e9\u00e9quilibrant cutan\u00e9\u00a0<\/strong>:en lotion tonique, l&rsquo;hydrolat de Fleur d&rsquo;Oranger est un r\u00e9\u00e9quilibrant du pH et de la flore cutan\u00e9, adapt\u00e9 \u00e0 toutes les peaux. Il redonnera de l&rsquo;\u00e9clat aux peaux ternes.<\/li>\n<\/ul>\n<\/div>\n<\/div>\n<\/div>\n<\/div>","protected":false},"excerpt":{"rendered":"<p>Les fleurs du Bigaradier, parties les plus d\u00e9licates de cet arbre, d\u00e9gagent de tr\u00e8s fins ar\u00f4mes. Ces derni\u00e8res permettent d&rsquo;obtenir l&rsquo;huile essentielle de N\u00e9roli, tr\u00e8s pr\u00e9cieuse. De cette distillation, on obtient \u00e9galement l&rsquo;hydrolat de Fleur d&rsquo;Oranger, beaucoup plus souple d&rsquo;utilisation. Propri\u00e9t\u00e9s principales calmant, antid\u00e9pressif\u00a0:comme tous les produits issus du bigaradier, l&rsquo;hydrolat est particuli\u00e8rement apaisant. Il [&hellip;]<\/p>\n","protected":false},"featured_media":1328,"comment_status":"open","ping_status":"closed","template":"","meta":[],"product_brand":[],"product_cat":[94],"product_tag":[111,40],"class_list":{"0":"post-1319","1":"product","2":"type-product","3":"status-publish","4":"has-post-thumbnail","6":"product_cat-eaux-floral-et-hydrolat","7":"product_tag-eaux-floral","8":"product_tag-natural","10":"first","11":"instock","12":"shipping-taxable","13":"purchasable","14":"product-type-variable"},"_links":{"self":[{"href":"https:\/\/smartquimica.tn\/index.php?rest_route=\/wp\/v2\/product\/1319","targetHints":{"allow":["GET"]}}],"collection":[{"href":"https:\/\/smartquimica.tn\/index.php?rest_route=\/wp\/v2\/product"}],"about":[{"href":"https:\/\/smartquimica.tn\/index.php?rest_route=\/wp\/v2\/types\/product"}],"replies":[{"embeddable":true,"href":"https:\/\/smartquimica.tn\/index.php?rest_route=%2Fwp%2Fv2%2Fcomments&post=1319"}],"wp:featuredmedia":[{"embeddable":true,"href":"https:\/\/smartquimica.tn\/index.php?rest_route=\/wp\/v2\/media\/1328"}],"wp:attachment":[{"href":"https:\/\/smartquimica.tn\/index.php?rest_route=%2Fwp%2Fv2%2Fmedia&parent=1319"}],"wp:term":[{"taxonomy":"product_brand","embeddable":true,"href":"https:\/\/smartquimica.tn\/index.php?rest_route=%2Fwp%2Fv2%2Fproduct_brand&post=1319"},{"taxonomy":"product_cat","embeddable":true,"href":"https:\/\/smartquimica.tn\/index.php?rest_route=%2Fwp%2Fv2%2Fproduct_cat&post=1319"},{"taxonomy":"product_tag","embeddable":true,"href":"https:\/\/smartquimica.tn\/index.php?rest_route=%2Fwp%2Fv2%2Fproduct_tag&post=1319"}],"curies":[{"name":"wp","href":"https:\/\/api.w.org\/{rel}","templated":true}]}}