{"id":1233,"date":"2025-10-08T08:19:43","date_gmt":"2025-10-08T08:19:43","guid":{"rendered":"https:\/\/smartquimica.tn\/?post_type=product&#038;p=1233"},"modified":"2025-10-08T08:19:43","modified_gmt":"2025-10-08T08:19:43","slug":"huile-vegetale-de-sesame-vierge","status":"publish","type":"product","link":"https:\/\/smartquimica.tn\/?product=huile-vegetale-de-sesame-vierge","title":{"rendered":"HUILE V\u00c9G\u00c9TALE DE S\u00c9SAME VIERGE"},"content":{"rendered":"<article class=\"text-token-text-primary w-full focus:outline-none scroll-mt-[calc(var(--header-height)+min(200px,max(70px,20svh)))]\" dir=\"auto\" tabindex=\"-1\" data-turn-id=\"request-WEB:02bf095d-9d7a-45a6-9e4b-8c99909e99b6-1\" data-testid=\"conversation-turn-4\" data-scroll-anchor=\"true\" data-turn=\"assistant\">\n<div class=\"text-base my-auto mx-auto pb-10 [--thread-content-margin:--spacing(4)] thread-sm:[--thread-content-margin:--spacing(6)] thread-lg:[--thread-content-margin:--spacing(16)] px-(--thread-content-margin)\">\n<div class=\"[--thread-content-max-width:40rem] thread-lg:[--thread-content-max-width:48rem] mx-auto max-w-(--thread-content-max-width) flex-1 group\/turn-messages focus-visible:outline-hidden relative flex w-full min-w-0 flex-col agent-turn\" tabindex=\"-1\">\n<div class=\"flex max-w-full flex-col grow\">\n<div class=\"min-h-8 text-message relative flex w-full flex-col items-end gap-2 text-start break-words whitespace-normal [.text-message+&amp;]:mt-5\" dir=\"auto\" data-message-author-role=\"assistant\" data-message-id=\"a4be1a1c-a9f7-4b97-be6e-c44132af66a8\" data-message-model-slug=\"gpt-5\">\n<div class=\"flex w-full flex-col gap-1 empty:hidden first:pt-[1px]\">\n<div class=\"markdown prose dark:prose-invert w-full break-words light markdown-new-styling\">\n<p data-start=\"48\" data-end=\"529\" data-is-last-node=\"\" data-is-only-node=\"\">L\u2019huile v\u00e9g\u00e9tale de s\u00e9same vierge est reconnue pour ses propri\u00e9t\u00e9s <strong data-start=\"115\" data-end=\"131\">r\u00e9g\u00e9n\u00e9rantes<\/strong>, <strong data-start=\"133\" data-end=\"152\">assouplissantes<\/strong> et <strong data-start=\"156\" data-end=\"173\">antioxydantes<\/strong>. Elle nourrit les peaux s\u00e8ches et matures, aide \u00e0 maintenir leur hydratation et favorise la r\u00e9g\u00e9n\u00e9ration cutan\u00e9e. Gr\u00e2ce \u00e0 sa texture fluide et p\u00e9n\u00e9trante, elle est id\u00e9ale pour les <strong data-start=\"354\" data-end=\"374\">soins de massage<\/strong>, notamment en cas d\u2019<strong data-start=\"395\" data-end=\"422\">inconforts articulaires<\/strong>. Elle s\u2019utilise dans les <strong data-start=\"448\" data-end=\"469\">huiles de massage<\/strong>, <strong data-start=\"471\" data-end=\"493\">baumes r\u00e9parateurs<\/strong> et <strong data-start=\"497\" data-end=\"528\">cr\u00e8mes pour peaux d\u00e9licates<\/strong>.<\/p>\n<\/div>\n<\/div>\n<\/div>\n<\/div>\n<div class=\"z-0 flex min-h-[46px] justify-start\"><\/div>\n<div class=\"mt-3 w-full empty:hidden\">\n<div class=\"text-center\"><\/div>\n<\/div>\n<\/div>\n<\/div>\n<\/article>\n<div class=\"pointer-events-none h-px w-px\" aria-hidden=\"true\" data-edge=\"true\"><\/div>\n","protected":false},"excerpt":{"rendered":"<p>L\u2019huile v\u00e9g\u00e9tale de s\u00e9same vierge est reconnue pour ses propri\u00e9t\u00e9s r\u00e9g\u00e9n\u00e9rantes, assouplissantes et antioxydantes. Elle nourrit les peaux s\u00e8ches et matures, aide \u00e0 maintenir leur hydratation et favorise la r\u00e9g\u00e9n\u00e9ration cutan\u00e9e. Gr\u00e2ce \u00e0 sa texture fluide et p\u00e9n\u00e9trante, elle est id\u00e9ale pour les soins de massage, notamment en cas d\u2019inconforts articulaires. Elle s\u2019utilise dans les [&hellip;]<\/p>\n","protected":false},"featured_media":1169,"comment_status":"open","ping_status":"closed","template":"","meta":[],"product_brand":[],"product_cat":[92],"product_tag":[109,110],"class_list":{"0":"post-1233","1":"product","2":"type-product","3":"status-publish","4":"has-post-thumbnail","6":"product_cat-huiles-vegetales","7":"product_tag-huile-vegetale","8":"product_tag-vierge","10":"first","11":"instock","12":"shipping-taxable","13":"purchasable","14":"product-type-variable"},"_links":{"self":[{"href":"https:\/\/smartquimica.tn\/index.php?rest_route=\/wp\/v2\/product\/1233","targetHints":{"allow":["GET"]}}],"collection":[{"href":"https:\/\/smartquimica.tn\/index.php?rest_route=\/wp\/v2\/product"}],"about":[{"href":"https:\/\/smartquimica.tn\/index.php?rest_route=\/wp\/v2\/types\/product"}],"replies":[{"embeddable":true,"href":"https:\/\/smartquimica.tn\/index.php?rest_route=%2Fwp%2Fv2%2Fcomments&post=1233"}],"wp:featuredmedia":[{"embeddable":true,"href":"https:\/\/smartquimica.tn\/index.php?rest_route=\/wp\/v2\/media\/1169"}],"wp:attachment":[{"href":"https:\/\/smartquimica.tn\/index.php?rest_route=%2Fwp%2Fv2%2Fmedia&parent=1233"}],"wp:term":[{"taxonomy":"product_brand","embeddable":true,"href":"https:\/\/smartquimica.tn\/index.php?rest_route=%2Fwp%2Fv2%2Fproduct_brand&post=1233"},{"taxonomy":"product_cat","embeddable":true,"href":"https:\/\/smartquimica.tn\/index.php?rest_route=%2Fwp%2Fv2%2Fproduct_cat&post=1233"},{"taxonomy":"product_tag","embeddable":true,"href":"https:\/\/smartquimica.tn\/index.php?rest_route=%2Fwp%2Fv2%2Fproduct_tag&post=1233"}],"curies":[{"name":"wp","href":"https:\/\/api.w.org\/{rel}","templated":true}]}}